(5)?
3
Let c(z) = -5*z - 2. Let j(i) = -6*i - 103. Let l be j(-18). What is c(l)?
-27
Let x(m) = -m**3 - 6*m**2 - 4*m + 1. Let o(q) = -q + 3. Let w be o(6). Let l = -2 + w. Determine x(l).
-4
Let j(h) = -2*h + 1. Let f be (-64)/(-20) + 1/(-5). Suppose 3*n + 6 = f. Determine j(n).
3
Suppose 3 = -0*o - o. Let h be (-2)/o*15/2. Let t be -12*((-5)/(-2))/h. Let b(c) = -c**3 - 7*c**2 - 9*c - 9. Calculate b(t).
9
Let s(y) = 3*y**2 + 3*y - 16. Let w(l) = -l. Let x(q) = q**2 - q - 5. Let o(f) = -2*w(f) + x(f). Let v(r) = 8*o(r) - 3*s(r). Calculate v(0).
8
Suppose 2*z - 9 = -k, 5*k - 36 = k + 3*z. Let u(q) = -q**2 + 11*q - 13. Give u(k).
5
Let i(j) = -j**3 + 7*j**2 - 3*j + 3. Suppose 0 = 5*m - 11 - 24. What is i(m)?
-18
Let p = -49 + 50. Let h(s) be the first derivative of s**2/2 - s + 2. Give h(p).
0
Let w(j) = 2*j**3 + 7*j**2 - j**3 - 9 - 4*j**3 + 2*j + 2*j**3. Let c be w(7). Let v(a) = -a**2 + 5*a + 1. What is v(c)?
1
Let h(a) = 9*a**2 - 3*a - 1. Let z(n) = 9*n**2 - 4*n - 1. Let y(d) = -6*h(d) + 5*z(d). Give y(1).
-10
Let j(l) = 7 + 2*l**3 - 3*l**2 - l**3 - 3 + 2*l. Let n(q) = -4*q + 71. Let a be n(17). Give j(a).
10
Let n(u) = 9*u - 9. Let w(f) = 5*f - 5. Let b(t) = -6*n(t) + 11*w(t). Let l = -1 + 0. Give b(l).
-2
Suppose 5*o - 3 = -4*v - 1, o - 4*v = 10. Let p(y) = o + 4*y**2 - 3*y**2 - 4*y - 2*y + 4*y. Determine p(3).
5
Let c(i) = -2*i + 11. Let a(x) = 3*x - 21. Let h(d) = 3*a(d) + 5*c(d). What is h(0)?
-8
Suppose 5*z = 2 + 3. Suppose -m = -4*y + 7, 2*m + z = -5*y - 0. Let r(o) = -3*o - 4. Calculate r(m).
5
Let w(s) = -9*s**2 + 10*s + 4. Let k(r) = -r**2 + r + 1. Let g(n) = 6*k(n) - w(n). What is g(2)?
6
Let s(t) = t**3 - t**2. Let j(n) = -5*n**3 + 5*n**2 - 2*n - 1. Let p(d) = -j(d) - 6*s(d). Determine p(-1).
1
Let a(b) = 3*b**3 - b**2 + b. Let t(r) = -10*r**3 + 3*r**2 - 3*r + 1. Let q(x) = 7*a(x) + 2*t(x). Determine q(-2).
-12
Let q(x) = -7*x - 5. Let s(m) = m + 1. Let v(f) = f**3 + 7*f**2 + 5*f. Let b be v(-6). Let a(i) = b*s(i) + q(i). Calculate a(-6).
7
Suppose 0 = -5*z - 25, -k + 6 = -2*z + 2. Let o(r) = r**2 + 5*r + 1. Determine o(k).
7
Let p(v) = v - 1. Let q = 1 - -2. Let b(w) = -3 + q - 2 - w. Let j be b(-7). Calculate p(j).
4
Let f(l) = 6*l**2 - l. Let p(g) = 3*g**2 - 4*g + 6. Let m(a) = 7*a**2 - 8*a + 12. Let b(k) = -4*m(k) + 9*p(k). Let q be b(-5). Determine f(q).
5
Suppose 5*f = -3*t - 34, -5*t + 9 - 49 = 5*f. Let b = 4 + t. Let w(x) = -14*x**2 + 3*x. Let g(u) = -5*u**2 + u. Let q(a) = -7*g(a) + 2*w(a). Calculate q(b).
6
Let q = -66 + 397/6. Let g(r) be the third derivative of 0*r - 1/24*r**4 - 2*r**2 - q*r**3 + 0. Calculate g(-3).
2
Let n be (-12)/(-5) + (-4)/10. Let u(o) = -o + 2. Let d be u(-6). Suppose -x + n*h = d, x + 5*h = 2*h + 17. Let a(t) = t**2 - 1. Give a(x).
3
Let s(d) be the second derivative of -d + 0 + 1/3*d**3 + 1/20*d**5 - 2*d**2 + 1/3*d**4. What is s(-3)?
-1
Suppose 5*s + v = 24 + 1, 5 = 5*s - 3*v. Let b(o) = -o**3 + 2*o**2 + 5*o + 3. Calculate b(s).
-9
Let j(a) = 1 + a + 2 + 2. Determine j(-6).
-1
Let w = 2 + -6. Let v = 6 + w. Let g(d) = -3*d + d**2 + 6*d + 0*d - 6 + v. Give g(-5).
6
Suppose -5*g = p - 25, 4*p - 5 = 15. Let j be -12*1/(-10)*5. Suppose c + 4 = y, -g*y - c + j*c = -17. Let k(t) = 3*t + 1. Determine k(y).
10
Suppose 0 = 5*k - 4 - 6. Let a(i) = -i**3 - i + 1. Let p(l) = -6*l**3 + 2*l**2 - 9*l + 8. Let h(v) = 5*a(v) - p(v). What is h(k)?
5
Let m be -1 + 1 - (-2 - -2). Let o(p) = -7*p**3 - 3*p**2 + 3*p + 27. Let q(u) = 4*u**3 + 2*u**2 - 2*u - 14. Let s(l) = -3*o(l) - 5*q(l). Calculate s(m).
-11
Let i(m) be the third derivative of -m**6/120 - m**5/15 - m**4/8 - m**3/2 - 2*m**2 + 2*m. Calculate i(-4).
9
Let z(n) = -n + 3. Suppose 3 = 4*g - 5*q, 5*g + 5*q = 2*g + 11. What is z(g)?
1
Let p(m) = m**3 - 4*m**2 - m + 3. Suppose 0 = -4*z + 2*z + 32. Suppose i + 3*i - 4 = 2*l, 2 = 4*l - 3*i. Suppose -l*o - 2*o = -z. Determine p(o).
-1
Let a(k) = 2*k**2 - 7 + 48*k - 2*k**3 + 7 - 47*k. Suppose -5 + 15 = 5*d. Determine a(d).
-6
Suppose -4*l = -5*r + 26, -4*r + 0*r + 8 = 0. Let n(k) be the first derivative of 6*k + 2 + 5/2*k**2 + 5/3*k**3 + 1/4*k**4. What is n(l)?
2
Let h(q) be the third derivative of -q**6/120 - q**5/60 + 6*q**2. What is h(0)?
0
Let c(p) = -p**3 + p**2 + 1. Let j = -2 - -4. Let q be c(j). Let y(w) = w**2 + 4*w + 2. What is y(q)?
-1
Let u = 3 + -1. Let s(f) = 2 + f**2 - 1 - u*f**2 + 1. Let n be -4*(-12)/(-64)*4. Determine s(n).
-7
Let t(b) = -2*b**2 - b + 6*b**2 + 4*b - b**2. Suppose -8*z = -3*z + 10. Give t(z).
6
Let h(t) = -3*t + 4. Let a = 3 - -1. Let i be h(a). Let k be (-1 + -2)*i/(-6). Let o(g) = g**2 + 4*g + 5. What is o(k)?
5
Let v(r) = 2*r**2 - 1. Let d(i) = 1 + i**2 - i**2 - 2*i + 7*i**2 + 0*i**2. Let a be d(1). Let u be 2 - (a/3 + -2). Determine v(u).
7
Suppose 5*o = o + 12. Let s(i) = 6*i - 3. Calculate s(o).
15
Let d(z) = -5 - 2 + 3*z - 2*z. Let c be ((0/(-5))/(-4))/(-2). Determine d(c).
-7
Let a = 8 + -3. Let n(j) = a*j**2 - 4*j**2 - 3*j**3 + 2*j**3. What is n(1)?
0
Suppose -3*g = 28 - 37. Let q(t) = 3*t + 3. Calculate q(g).
12
Suppose 0*w + 12 = -3*w + 3*b, 12 = 3*b. Suppose -a - a - 4 = w. Let n(i) be the first derivative of -3*i**4/4 - 4*i**3/3 - i**2/2 + 2*i - 2. Give n(a).
12
Let n(u) be the second derivative of u**6/720 - 7*u**5/120 + u**4/4 + u. Let h(r) be the third derivative of n(r). Let k be 6 + (-2)/4*2. Calculate h(k).
-2
Let v(i) = -i**3 + 3*i**2 - 2*i + 4. Let m(k) = -k**3 + 9*k**2 + 10*k - 8. Let q be m(10). Let g be (-8)/2*6/q. Determine v(g).
-2
Let y(v) = -v + 13. Let o be y(9). Let d(n) = 2*n**2 - 7*n + 4. Give d(o).
8
Let m be (-57)/(-21) + 2/7. Let k(c) = -3*c**m + 4*c**3 - 1 + 6*c**2 + 0*c**3. Give k(-6).
-1
Let z(t) = -4*t - 14. Let u be z(-6). Suppose -d = d - u. Let a(c) = -c**2 + 7*c - 1. Give a(d).
9
Let g(w) = -w**2 - w - 1. Let y(f) = -f - 1. Let k(z) = g(z) + 4*y(z). Determine k(-4).
-1
Suppose 5*u + 1 - 6 = 0. Let y(f) = -6*f. Let h be (1/3)/(2/30). Let q(x) = 6*x. Let r(m) = h*y(m) + 4*q(m). Determine r(u).
-6
Let o(d) = 2*d - 1. Let f = -5 - -2. Let z(r) = r**2 + 3*r - 1. Let m(n) = f*o(n) + 2*z(n). Let k(b) be the first derivative of m(b). Determine k(-2).
-8
Let u(a) be the second derivative of -8*a - 2*a**2 + 1/3*a**4 + 1/2*a**3 + 0 - 1/20*a**5. Determine u(4).
8
Let z(o) = -216 + 215 - 6*o + 9*o. Give z(-1).
-4
Let x(g) = -g**2 + 9*g - 6. Let k(q) = -3*q**2 + 28*q - 19. Let h(m) = -2*k(m) + 7*x(m). What is h(5)?
6
Suppose -27 = -3*i - 12. Let t(u) = u + 3. What is t(i)?
8
Suppose -6*z = 5*z - 319. Let q = 23 - 3. Suppose 5*j = 5*u + 1 + z, 3*j - q = 5*u. Let l(h) = 8*h**3 - h. Give l(u).
-7
Let g(c) = -3*c + 5*c - 4*c**2 + c**2. Let q = 17 + -15. Give g(q).
-8
Let z(v) = -v - 1. Let w(r) = -8*r - 7. Let j(u) = w(u) - 5*z(u). Suppose -2*n + 4 = -5*g, n - 3*n - 2*g = 10. Calculate j(n).
7
Let f be ((-15)/(-5))/(6/(-8)). Let c(v) = -v**3 - 5*v**2 - 4*v - 6. Give c(f).
-6
Let t(m) = -m**3 + 15*m**2 - 4*m + 66. Let x be t(15). Suppose 2*u - 6*u = -4. Let v(p) = u - 2*p + p + 0. What is v(x)?
-5
Let a(j) = -9*j + 3*j + 1 + 0*j + 5*j. What is a(-9)?
10
Let u(v) = v**3 + 9*v**2 + 7*v - 4. Suppose -3*m + 2*o - 24 = 0, -3*o = -m - 6*o - 8. Determine u(m).
4
Let g(k) = 4*k**2 - 2. Suppose -3*o + 0 + 2 = -2*t, -4*o = 2*t - 12. Let u(h) = 21*h**2 - 10. Let m(y) = o*u(y) - 11*g(y). Calculate m(2).
-6
Let p(l) = 4*l - 1. Suppose 24 = 4*x - a, -14 = -2*x - 3*a - 2. Suppose -8 = -5*r - y, -4*y + x = -4*r - 2. Give p(r).
3
Let a(w) = 15*w. Let k(x) = x**3 - x**2 + 2*x - 1. Let n be k(0). What is a(n)?
-15
Let q(v) = -v**3 + v**2 - v - 1. Let u(r) = r**2 - r + 4. Let x(o) = -q(o) + u(o). Calculate x(0).
5
Suppose -6 = -2*r + 4*r. Let q(a) = -1 + 2*a + 1 + 0. What is q(r)?
-6
Suppose -23 = -4*t - 5*c + 4*c, -4*t + 5*c = -5. Suppose -t*n - 2*g = 0, -3 = -4*g + 17. Let l(y) = -y - 1. What is l(n)?
1
Let b(c) = c**2 - 7*c + 6. Let o(a) = 2*a - 4. Let q be o(10). Suppose 0 = -0*g - 2*g + 4*r + q, -3*r = -3*g + 18. Let w = g - 0. Determine b(w).
-6
Suppose -2*x - 2*x + 2*g + 584 = 0, -3*g = 4*x - 604. Let r be (-2)/7 + x/28. Let l(f) = -f - 4. Let b(j) = -1. Let k(o) = -2*b(o) + l(o). Calculate k(r).
-7
Let k(z) = -4*z - 1. Let p be 12/(4 + -1) - 2. What is k(p)?
-9
Suppose -7 + 17 = 5*g. Suppose -g*r = -5*b + 27, 0*b + 3*b = -4*r + 11. Suppose 4*t - 5 = b*t. Let c(d)